*w - 9*w - 1. Let x(l) = 20*l**2 - 41*l**2 - w + 22*l**2. Let c(a) = -a**3 - 3*a**2 - a - 2. Let k be c(-2). Determine x(k).
15
Suppose 2*f - 1 = -3. Let d be 1*-1*(-8 - -5). Let z(s) = 5*s**d + 4*s + 9*s - 4*s**3 - 14*s. Determine z(f).
0
Let a(t) = t**2 + t + 1. Let v(y) = -6*y**2 - 8. Let b(l) = -5*a(l) - v(l). Let i be b(5). Let m(p) = -17 + 9*p**2 - 4*p**2 - i*p - p**3 + 20. What is m(3)?
12
Let i(r) = -r**2 - 3*r + 3*r - 1 + 0. Suppose 0 = -5*t + n + 4*n + 15, 4*t - 2*n = 6. Calculate i(t).
-1
Let l(i) = -i**2 - i - 3. Let q(v) = v + 1. Let z be 2/(-9) - (-2)/9. Suppose 0 = -3*p - z*p + 12. Let x(o) = p*q(o) + l(o). Give x(5).
-9
Let c(s) = -s**2 + 4*s - 2. Let r be c(4). Let n(b) be the second derivative of b + 1/2*b**2 + 0 + 1/2*b**3. Calculate n(r).
-5
Suppose -124 = 4*h - 132. Let w(p) = 2*p**2 - 2*p. Give w(h).
4
Let q(v) = v**3 - v - 3*v - 6*v**2 + 823 - 832. Determine q(7).
12
Let p(i) = i**2. Let u(f) = 2*f**3 + 4*f**2 + 1. Let x(g) = -6*p(g) + u(g). Calculate x(-1).
-3
Suppose y - 4 = k + 6, -4*k = 3*y + 12. Let b(m) = m**3 + m**2 + 19*m - 6. Let r(x) = x**2 - 2*x + 1. Let s(f) = b(f) + 6*r(f). What is s(k)?
-6
Let i(b) = -4. Suppose 6*g = g - 25. Let n(d) = -d - 9. Let z(a) = g*i(a) + 2*n(a). Let j(m) = -3*m**2 + 107*m - 65. Let k be j(35). Calculate z(k).
-8
Let d(n) = -6*n - 190. Let w be d(-31). Let l be ((-3)/9)/((-2)/18). Let v(j) = j - j + l*j. Calculate v(w).
-12
Let x(a) be the second derivative of a**6/120 + a**5/4 + 5*a**4/8 + 4*a**3/3 - 35*a**2/2 + 7*a. Let i(d) be the first derivative of x(d). What is i(-14)?
-6
Let x = -55 + 57. Let m(q) = 0*q + q + 4 + q**2 - q**3 - q**x - 3*q**2. Give m(-4).
16
Let c(d) = 3*d + 0*d**2 + d**2 + d + 2*d - 5*d + 7. Determine c(-6).
37
Let h(d) = d**3 + 6*d**2 - 6*d + 14. Let y be h(-7). Let z(m) be the first derivative of -7/2*m**2 + 18 + 1/4*m**4 - 2*m**3 + 5*m. Determine z(y).
5
Suppose 8*o - 865 = -825. Let m(r) be the third derivative of -o*r**2 + 7/24*r**4 + 0 - 1/60*r**5 + 2/3*r**3 + 0*r. Give m(8).
-4
Let p(b) be the first derivative of -1/3*b**3 - 8 - 7/2*b**2 - b. Give p(-3).
11
Let s(n) be the third derivative of -5*n**4/24 + 71*n**2. Let j be 3*3*4/36. Determine s(j).
-5
Let b be 3/(-4)*(-40)/(-108)*-3. Let l(o) be the third derivative of 5*o**2 + b*o**3 + 1/24*o**4 + 0*o + 0. Give l(-5).
0
Let a(j) = j**2 - 3*j + 4. Let r(m) = -6*m + 4. Let g be r(0). Determine a(g).
8
Let a(d) = d**2 - 2*d + 1. Let f be a(2). Suppose 3*u = 8*u - 15. Let l(h) = -u*h**3 + 2 - 3 + 4*h**3. Give l(f).
0
Let y(b) = -2*b**2 - 5*b - 3. Let k(i) = -i**2 - 5*i - 3. Let w(q) = -3*k(q) + 2*y(q). Suppose 4*l = -g - 15, -4*g - 5*l - 91 = -86. Determine w(g).
3
Let z(i) = 3*i**3 - i**2 + i. Let y(b) be the third derivative of -b**6/120 + b**5/60 - b**4/24 + b**3/6 + 11*b**2. Let o be y(0). Calculate z(o).
3
Let m(z) = -z - 4. Let c be (12/8)/(18/48). Determine m(c).
-8
Let x(y) = -y**2 + 11*y - 6. Let o be x(10). Let b(z) = -1 - o*z + 4*z + 4*z**2 + 0*z. Give b(-1).
3
Let t(a) = a**3 - 8*a**2 + 8*a - 2. Let r be 266/35*(7 + (-1 - 1)). Let l = 45 - r. Calculate t(l).
5
Let u(f) = -f**3 + 3*f**2 - 4*f + 7. Let x be 10 + (1 - 48/6). What is u(x)?
-5
Suppose -5*s = b + 3, s = -b + 44 - 43. Let l(g) = 7*g**2 - 4*g - 2. Give l(s).
9
Let y = 27 + -31. Let r = y - -11. Let f(v) = v - 17. Determine f(r).
-10
Let s = -84 - -83. Let u(m) = 2*m**2 + m. What is u(s)?
1
Let g(o) = 22*o - 12*o - 9*o - 2*o - 9. Calculate g(-2).
-7
Let f(g) = 0*g**3 + 0*g - 2 - g**3 + 130*g**2 - 135*g**2 - g. Suppose -5*j - 30 = j. Give f(j).
3
Let o be 8/((-2)/1) - -8. Let k(s) = -s**3 + 3*s**2 + 6*s - 5. What is k(o)?
3
Let a(s) = s**3 - 3*s - 3. Suppose 27 + 57 = 4*t. Let y be (102/(-42) - (-9)/t) + 0. Give a(y).
-5
Let p(y) = 15*y. Let g be 4 + -6 - 25/(-5). Let w(j) = 2*j. Let k(r) = g*p(r) - 20*w(r). Give k(-2).
-10
Let a be 5/(-3) - 1/3. Let t be (a - -3)/(-1) - -10. Suppose 3*s - 2*d + t = 0, 0*s = s - 3*d - 4. Let m(q) = q**3 + 6*q**2 + 6*q + 5. Determine m(s).
0
Let v(c) = 0*c + 2*c + 2 + 6 - 5 + 0. What is v(2)?
7
Let r(u) = -u**2 + 2*u + 1. Suppose 3*y - 5*h + 8*h - 9 = 0, 2 = 2*h. Calculate r(y).
1
Let z(j) be the third derivative of -j**9/60480 + j**8/2880 - j**7/840 + j**6/720 + 7*j**5/60 - 13*j**2. Let a(f) be the third derivative of z(f). Give a(6).
1
Suppose 0 = -0*p + 3*p - 45. Suppose x + p = -0*x + 5*f, f = 4*x - 16. Suppose t = -0 + x. Let w(v) = v**3 - 4*v**2 - 6*v - 5. Calculate w(t).
-10
Let w = -232 + 228. Let x(f) = 2*f**2 + 4*f - 5. Give x(w).
11
Let l = 49 + -46. Suppose 0 = -r - 2*z + l, -2*z = -0*r + 5*r - 7. Let x(f) = -25*f + 1. What is x(r)?
-24
Let g(y) = -y - 3. Let s(p) = 10*p + 20. Let z(n) = 6*g(n) + s(n). What is z(1)?
6
Let r(m) = m**2 + 2*m - m**2 + m**2 - 3. Suppose -60*l + 57*l + 6 = 0. What is r(l)?
5
Suppose 4*m - 5*y + 6 - 20 = 0, -m + 2*y = -5. Let k(p) = -10*p + 2. What is k(m)?
-8
Let z(j) = 12*j + 13. Let f be z(2). Let c = -47 + f. Let w(s) = s**3 + 10*s**2 - 2*s - 15. Calculate w(c).
5
Let q(h) be the first derivative of -h**3/3 - h - 166. Give q(-2).
-5
Let v(a) = -3*a - 9. Let g(b) = 9*b**2 + 2*b - 1. Let u be g(1). Let q be 10/4*u/5. Suppose -q*d + d - 20 = 4*o, -3*d - o = 17. Give v(d).
9
Let g(k) = k + 7. Let o = -8 + 13. Let n(a) = -2*a + 5. Let s be n(o). Let j be (s/(-10))/(3/(-30)). Determine g(j).
2
Let y(o) = o**2 + 15*o + 16. Let a be ((-2)/5)/(((-33)/(-11))/105). Give y(a).
2
Suppose 18*y - 9 = -3*j + 21*y, 5*j - 2*y - 6 = 0. Let q(t) be the second derivative of 5*t - 2/3*t**3 + j + 0*t**2. Give q(-3).
12
Let d(i) be the third derivative of -i**5/60 - 5*i**4/24 + 11*i**3/6 + 83*i**2. What is d(-7)?
-3
Let h(d) = 5*d**3 + 3*d - 7. Let w(g) = 6*g**3 + g**2 + 4*g - 8. Let k(v) = 5*h(v) - 4*w(v). Let p(o) = -3*o - 20. Let y be p(-8). Determine k(y).
-7
Let g(o) be the second derivative of 1/60*o**5 - 1/3*o**4 + 6*o + 5/2*o**2 + 0 + 4/3*o**3. Let r(n) be the first derivative of g(n). Determine r(6).
-4
Let c = 4 - 10. Let f(l) be the third derivative of l**4/24 + l**3/6 - 3*l**2. Calculate f(c).
-5
Let n(v) = v - 4. Let a be n(-2). Let m(x) = -5*x**3 + 13*x**2 + 7*x + 8. Let h(o) = 4*o**3 - 12*o**2 - 7*o - 8. Let i(r) = -6*h(r) - 5*m(r). Determine i(a).
2
Let j = 702 - 693. Let z(s) = -s**2 + 10*s - 2. What is z(j)?
7
Let u = -33 - -35. Let h(a) = 15*a**2 - 12*a**2 + 2 - 5*a**u. Give h(-2).
-6
Let i(o) = o**3 + 4*o**2 - 4*o - 5. Suppose -5*m - 37 = 3*u, 3*m + 535*u - 538*u = -3. Determine i(m).
-10
Let j(s) = 2*s**2 + 3*s + 1. Let d be j(-2). Let x(g) = -51537*g - 51531*g - 4 - g**2 + 103070*g. Give x(d).
-7
Let p(m) = -5*m**3 + 7*m**2 - m - 15. Let g(c) = 7*c**3 - 8*c**2 - c + 16. Let y(t) = 3*g(t) + 4*p(t). Determine y(-5).
-2
Suppose -b - 5 = 2*o, 28*b + 10 = 23*b + 5*o. Let n(v) = v**3 - 3*v + 4. Determine n(b).
-14
Let b = 13 + -7. Let m(v) = 2*v - 2 + v + 1 + b. Calculate m(-4).
-7
Let a(c) = -c - 2. Let o = -78 + 48. Let z = -24 - o. Give a(z).
-8
Let d(t) be the third derivative of t**7/840 - t**4/12 - 19*t**3/3 + 15*t**2. Let r(g) be the first derivative of d(g). Determine r(2).
6
Let w(k) = -11*k**2 - k - 1. Let y(o) = -3*o**2 + 1. Let s be y(-1). Let p = 2 - 5. Let t = p - s. Determine w(t).
-11
Suppose 3*w + 0*w = 33. Let z = -10 + w. Let s be (-9*(-8)/12)/z. Let q(a) = -a**3 + 5*a**2 + 6*a - 3. Calculate q(s).
-3
Let f(m) = -1108*m**2 - 10*m + m**3 - 3 + 554*m**2 + 550*m**2. Give f(6).
9
Suppose -46*l + 12 = -52*l. Let o(c) = 2*c**3 + 3*c**2 + 3*c + 4. Calculate o(l).
-6
Let o(n) be the second derivative of -n**4/12 + 5*n**3/6 + 5*n**2 - 224*n. What is o(7)?
-4
Let i(z) be the first derivative of z**5/120 + 5*z**3/3 - 10. Let x(t) be the third derivative of i(t). Give x(2).
2
Let p(c) = -c**3 + 12*c**2 + 13*c + 6. Let f be p(13). Suppose 0 = -5*b + 5*y + 30, -3*y = f*b - 3*b. Let v(a) = a**3 - 3*a**2 - 2*a + 4. Calculate v(b).
-2
Let u(j) = 0*j**3 + 8*j - j**3 - 114*j**2 - 6 - j**3 + 3*j**3 + 108*j**2. Let f be (1/2)/(2/20). Determine u(f).
9
Let r(q) = 7*q**2 - 3*q. Let k(n) = 4*n + 15. Let c be k(-3). Determine r(c).
54
Suppose c - 13*p = -15*p + 6, c = -3*p + 7. Let b(m) = m**3 - 4*m**2 - 4*m + 10. Determine b(c).
-6
Suppose 19 = 5*a + 39. Let u be 391/69 + (1 - a/(-6)). Let f(j) = j**3 - 5*j**2 - 6*j + 1. Calculate f(u).
1
Let w = -5 - -3. Let k(s) = 2*